).
-18
Let j(q) = -57*q - 203. Let m(d) = 29*d + 96. Let o(i) = 6*j(i) + 11*m(i). Calculate o(-7).
-1
Let n(f) = -8*f + 12 - 15*f**3 - 32*f**3 + 46*f**3 + 2. Determine n(3).
-37
Let f(r) = 46*r**2 + 16*r + 32. Let y(s) = 57*s**2 + 17*s + 33. Let q(d) = -5*f(d) + 4*y(d). Give q(-4).
-12
Let w(n) = 2*n - 36. Suppose -5*b - 5*z - 70 = 0, 5*b + 44 = 2*z - 5. Calculate w(b).
-58
Let o(z) = z + 2. Let u(d) = 11 - 709*d + 711*d - 4. Let l(a) = -3*o(a) + u(a). What is l(-6)?
7
Suppose 14*q + 125 = 741. Let d(h) = -3*h**3 + 131*h**2 + 46*h - 84. Let b be d(q). Let i(v) = -v**3 + 4*v**2 + 4. Determine i(b).
4
Let j(z) = -53*z**2 - 1915 - z**3 - 38*z + 98*z**2 + 1963 - 7*z. What is j(44)?
4
Let n(y) = y**3 - 13*y**2 - 40*y - 3. Let l(x) = -2*x**3 + 27*x**2 + 85*x + 10. Let m(b) = 6*l(b) + 13*n(b). Determine m(9).
93
Let i(g) = -g**3 + 15*g**2 + 6. Let k be i(15). Suppose k*n - 20 = 11*n. Let w(v) = -v**2 - 3*v + 3. Determine w(n).
-1
Let q(i) be the second derivative of i**4/12 + i**3 + i**2/2 + 10*i. Let o = 83 - 81. Suppose -16 = 2*m + 4*t, -2*m + 1 = -o*t + 5. Calculate q(m).
-7
Let s(x) = -3*x**3 + 2*x**2 - 4*x - 5. Let d = 19617 - 19618. What is s(d)?
4
Suppose -211 = -4*b + s, 2*b = 8*s - 7*s + 107. Let y = b + -57. Let a(w) = -4*w - 2. What is a(y)?
18
Let y(z) = 539*z**3 + 553*z**3 - 2 - 3 + 7 - 1 - 1088*z**3. Suppose -2*f = 4 - 2. Calculate y(f).
-3
Suppose 248 + 727 = -251*y - 1033. Let n(u) = u**3 + 10*u**2 + 8*u - 16. Calculate n(y).
48
Let l be (-67)/260*-20 + -2*2/26. Suppose 0 = 4*a - 5*a. Let v(p) = 2 - p + 2*p + a*p. Determine v(l).
7
Let q(c) = 41*c + 2. Let z be ((-23)/23)/((-1)/(-2)). Determine q(z).
-80
Suppose -4*g + 1 = -7. Let m(i) = -6 + g*i**3 - 6*i**2 + i**3 - 2*i**3 - 2 + 3*i. Let n be -18*2/(-10)*(-25)/(-15). Give m(n).
10
Let v(u) = -u**2 + 34*u + 30. Let y be v(35). Let m(q) = q**2 + 48*q + 221. Calculate m(y).
6
Suppose -3*o + 10 = -14. Let z be o + -4 - 24 - -1. Let c(l) = -l**2 - 18*l + 12. Let m be c(z). Let q(y) = -y**3 - 6*y**2 + 7*y + 10. Give q(m).
10
Let l(b) = 14 + 2*b**2 + 3*b**2 - 33 + 14. Let g(o) = 14*o**2 - 16. Let y(d) = -4*g(d) + 11*l(d). What is y(0)?
9
Let i(y) = y**2 + 4*y + 6. Let p(n) = 2*n**2 + 11*n + 12. Let f(o) = 15*o + 154. Let x be f(-10). Let u(b) = x*p(b) - 9*i(b). Give u(6).
6
Suppose -4*u + j + 5 = -13, 2*u - 4*j - 16 = 0. Let l(t) = 22*t + 5905 + 53*t - 69*t - 5916. Give l(u).
13
Suppose 0 = 4*r + 5*i + 13, 0 = -4*r - 43*i + 40*i - 27. Let x(k) = -k**3 - 13*k**2 - 14*k + 5. Calculate x(r).
29
Let v be (4/12)/((-2)/(-18)). Let j(l) = 6 - 2*l**2 - l**v + 9*l**2 - 2*l**2 - 3*l. Let z = -772 - -777. Calculate j(z).
-9
Let z(s) be the second derivative of -37*s**3/6 - 257*s**2/2 - 112*s - 16. Calculate z(-7).
2
Let f(d) = 2*d - 9. Suppose -31*n + 32*n + 5 = 0. Let v = n - -15. Determine f(v).
11
Suppose -2*h + 21 = 5*j, 7*j - 3*j - 24 = -4*h. Let g(v) = v**j + v + 2*v**2 + 2 - 5 + 5 - v**2. Suppose 2*u - 8 = 0, 3*u = -o - 3*o + 4. Give g(o).
-4
Let p(a) be the first derivative of a**3/3 - 8*a**2 + 26*a + 1381. Calculate p(12).
-22
Let b(h) = 16*h - 57 + 229 - 62 - 48 - 48. Calculate b(2).
46
Suppose 0 = 4*o - 4 - 16. Suppose 3*c = n + 2 - 8, o*c - 4*n + 17 = 0. Let h(z) = -z. Let m(r) = -13*r**2 - r - 1. Let g(j) = -h(j) - m(j). What is g(c)?
12
Let t(j) = -2*j**2 - j - 12. Let i(o) = -3*o**2 + o + 1. Let b(v) = -19*v**2 + 5*v - 5. Let c(s) = b(s) - 6*i(s). Let w(x) = 3*c(x) - 2*t(x). Calculate w(-4).
11
Suppose -40*d = -35*d - 2*t - 33, 5*t = -3*d - 5. Let n(k) be the third derivative of k**4/24 - k**3 + k**2. Give n(d).
-1
Let v(j) = -3*j**3 - 2*j**2 - 5*j - 30. Let u(d) = -4*d**3 - 3*d**2 - 8*d - 44. Let w(s) = 5*u(s) - 7*v(s). What is w(-4)?
-70
Let b be ((-14)/6 + (-7)/(-21))*-6. Suppose 7*w = 89 - b. Let i(p) = 7*p + w - 5*p - p. Calculate i(-8).
3
Suppose 3*u - 28 = 5*q, -101*q + 2*u = -100*q + 7. Let k(p) = 5*p - 10. What is k(q)?
-35
Let s(n) be the second derivative of n**3/6 - n**2 + 177*n - 1. Let a(k) = 5*k. Let c be a(1). Suppose 32 = 4*z - p + 4*p, c*z = -p + 29. What is s(z)?
3
Let g(i) = 7*i**2 + i + 3. Let x(v) = -4*v**2 - v. Let s(z) = g(z) + 2*x(z). Let j(k) = 3*k**2 + 6*k - 7. Let u(c) = -j(c) - s(c). Determine u(-5).
-21
Let q(z) = 1 + 1 - 4*z - 3. Let c(w) = -16*w**2 + 178*w - 21. Let y be c(11). Determine q(y).
-5
Suppose 3*n = -2*h - 130, -4*h + 0*n = -n + 274. Let b = 83 + h. Let d(l) = 3 + 16*l**3 - 32*l**3 + 4*l + b*l**3. Give d(-2).
3
Let n be (-2)/3 + 68/12 + -5. Suppose 3*i + 0*u + 5*u - 40 = n, 4*u = -16. Suppose -7*l + i = -3*l. Let o(c) = c**2 - 8*c + 6. Calculate o(l).
-9
Let c(i) = -10 + 2664*i - 2670*i - 30 - 54*i**2. Let s(d) = 17*d**2 + 2*d + 13. Let j(f) = 6*c(f) + 19*s(f). Determine j(0).
7
Let j(x) be the second derivative of -x**5/20 - 13*x**4/6 + 19*x**3/2 + 12*x**2 + 54*x - 12. Determine j(-28).
-4
Let i(d) = d. Let p(s) = -s. Let l(x) = 2*i(x) + p(x). Let z(q) = 6*q + 9. Let g(m) = 5*l(m) - z(m). Suppose 31 = -13*j - 86. Determine g(j).
0
Let b(o) = 2*o**2 + 7*o + 2. Let q(u) = -u**2 - 12*u + 107. Let d be q(6). Let x = d - 2. Determine b(x).
-1
Let l(y) = -y**3 + 6*y**2 - 7*y - 1. Let d be (-179)/(-10) - (-20)/200. Let z(g) = g**3 - 18*g**2 - 2*g + 40. Let q be z(d). What is l(q)?
3
Let m(h) = 2*h**2 + 3*h - 4. Let w(y) = 7*y**3 + 3 - 1 + 3*y + y**3 - 30*y**3. Let z be w(-1). Suppose 0 = 3*c + 2*a + a + z, 3 = 3*c - 3*a. Give m(c).
5
Suppose t + 45*s - 43*s + 3 = 0, -4*t + 4*s = -12. Let p(n) = 2*n - 6*n**2 + 12*n**3 - 3*n**3 + 3*n**2 - 1. Give p(t).
7
Let z(j) = -5165*j**3 - 15*j**2 + 5164*j**3 - 13*j - 5*j - 22. What is z(-14)?
34
Suppose -3*a = -3*d + 42, -2*d - 10 = 4*a + 22. Let x(z) be the third derivative of z**4/24 + 3*z**3/2 - 2*z**2 + 10*z. Determine x(a).
-1
Let o(t) = -t - 1. Let i(b) = 33*b**3 - 3*b**2 - 4*b - 6. Let p(f) = -i(f) + 6*o(f). Calculate p(1).
-32
Let z = -21 - -13. Suppose -5*r + 68 = -u, -r + 4*u - u = -8. Let m(p) = -3 - r*p + 6*p + 0 + 9*p. What is m(z)?
-11
Let h = -4 - -14. Let j(u) be the third derivative of u**6/120 - 11*u**5/60 + 3*u**4/8 + 4*u**2 + 8*u. Calculate j(h).
-10
Let x be 4*(-1)/(-22) - (-256)/44. Let b be x/(-10) + 184/40. Let a(q) = 6*q - 1 - q**3 + 3*q**2 + 0*q**3 + 0. What is a(b)?
7
Suppose 59 + 1 = 5*f. Suppose f*t - 9*t - 171 = 0. Let d = t + -49. Let b(k) = k**3 - 7*k**2 - 7*k - 4. Calculate b(d).
4
Let n(v) = v**3 + 10*v**2 - 12*v - 9. Suppose 89 = -5*s + 69. Let p be (-3)/2 + 0 + 38/s. Calculate n(p).
2
Suppose v - 19 - 1 = -3*r, r = -5*v + 30. Let z(l) = -l**3 + 6*l**2 - 5*l - 3. Determine z(v).
-3
Suppose -1 = -4*w + 11, -w + 19 = 2*q. Suppose -7*h = -q*h + 2. Let t(y) = -3*y + 3 + h*y**2 - 7 - y**2 - 2. What is t(-4)?
22
Let u(c) be the third derivative of -c**5/60 + 11*c**4/24 - 4*c**3/3 + 126*c**2. Let z(t) = -t**3 + 11*t**2 + 3*t - 22. Let j be z(11). Calculate u(j).
-8
Let i = 42 - 24. Let o(s) = 10 + s - i + 7. Let p be (-15)/(-25) + 7/5. What is o(p)?
1
Let s(y) = -29*y - 22. Let t(q) = -28*q - 25. Let l(r) = 6*s(r) - 5*t(r). What is l(3)?
-109
Let w(s) be the second derivative of -s**6/180 - s**5/12 + s**3/3 - s**2/2 + 83*s. Let i(o) be the second derivative of w(o). Give i(-7).
-28
Let c = -5 + -9. Let k = 22 + c. Let d(h) = -8*h + 2 + 6*h**2 + 0*h**2 - h**3 + 0*h**2 + 3*h**2. Give d(k).
2
Suppose -3*r - 5*i + 31 = 9, 0 = -5*i + 25. Let f be ((-16)/20)/(r/(-5)*1). Let b(q) = -q**2 - 4*q + 2. What is b(f)?
2
Suppose 5*r = -0*r. Suppose r = 7*v - 5*v + 4. Let j(y) = -y + 28. Let z(d) = -d + 9. Let t(x) = -j(x) + 3*z(x). Determine t(v).
3
Let b(a) = 5*a - 3. Let m(v) = -8*v + 5. Let n(k) = -5*b(k) - 3*m(k). Suppose 5*c - 11 = 4*c + 2*r, 0 = 4*c + 3*r + 11. What is n(c)?
-1
Let d(r) = 5*r**2 + 0*r**2 + 2*r**3 + r + 4 - r**3. Let f = -3995 + 3991. Give d(f).
16
Let f(l) = -715 + 4*l - 3*l + 726. Suppose 0 = 66*k + 71*k. Calculate f(k).
11
Suppose -3*p + 10*i - 102 = 13*i, 4*i = -16. Let a = -20 - 10. Let j = a - p. Let r(k) = k + 9. Give r(j).
9
Let a(t) = -t**3 - 3*t**2 + 56*t + 227. Let x be a(-5). Let o(c) = 0*c - 3*c + 5 + 6*c - 2. Determine o(x).
-6
Let y(p) = 51*p + 20. Let z(d) = -94*d - 39. Let a(u) = 11*y(u) + 6*z(u). Give a(-4).
-2
Suppose -50 = -4*y - 6. Let u(o) = -9471*o**2 + 9461*o**2 - 3*o**3 - 11*o + 4*o**3 - 6 + 9. What is u(y)?
3
Let g(d) be the third derivative of d*